{"id":113,"date":"2021-11-09T03:38:16","date_gmt":"2021-11-09T03:38:16","guid":{"rendered":"https:\/\/diputadoslocalesprigto.com\/?page_id=113"},"modified":"2021-12-09T20:49:24","modified_gmt":"2021-12-09T20:49:24","slug":"otros","status":"publish","type":"page","link":"https:\/\/diputadoslocalesprigto.com\/?page_id=113","title":{"rendered":"Otros"},"content":{"rendered":"\t\t<div data-elementor-type=\"wp-page\" data-elementor-id=\"113\" class=\"elementor elementor-113\">\n\t\t\t\t\t\t<section class=\"elementor-section elementor-top-section elementor-element elementor-element-25072b7 elementor-section-boxed elementor-section-height-default elementor-section-height-default\" data-id=\"25072b7\" data-element_type=\"section\">\n\t\t\t\t\t\t<div class=\"elementor-container elementor-column-gap-narrow\">\n\t\t\t\t\t<div class=\"elementor-column elementor-col-66 elementor-top-column elementor-element elementor-element-65b8324\" data-id=\"65b8324\" data-element_type=\"column\">\n\t\t\t<div class=\"elementor-widget-wrap elementor-element-populated\">\n\t\t\t\t\t\t<div class=\"elementor-element elementor-element-cafa0cb elementor-widget elementor-widget-text-editor\" data-id=\"cafa0cb\" data-element_type=\"widget\" data-widget_type=\"text-editor.default\">\n\t\t\t\t<div class=\"elementor-widget-container\">\n\t\t\t\t\t\t\t\t\t<p><style type='text\/css' media='all'>#rt-tpg-container-4156169452 .rt-holder .rt-woo-info .price{color:#000000;}body .rt-tpg-container .rt-tpg-isotope-buttons .selected,\n\t\t\t\t\t#rt-tpg-container-4156169452 .layout12 .rt-holder:hover .rt-detail,\n\t\t\t\t\t#rt-tpg-container-4156169452 .isotope8 .rt-holder:hover .rt-detail,\n\t\t\t\t\t#rt-tpg-container-4156169452 .carousel8 .rt-holder:hover .rt-detail,\n\t\t\t\t\t#rt-tpg-container-4156169452 .layout13 .rt-holder .overlay .post-info,\n\t\t\t\t\t#rt-tpg-container-4156169452 .isotope9 .rt-holder .overlay .post-info,\n\t\t\t\t\t#rt-tpg-container-4156169452.rt-tpg-container .layout4 .rt-holder .rt-detail,\n\t\t\t\t\t.rt-modal-4156169452 .md-content,\n\t\t\t\t\t.rt-modal-4156169452 .md-content > .rt-md-content-holder .rt-md-content,\n\t\t\t\t\t.rt-popup-wrap-4156169452.rt-popup-wrap .rt-popup-navigation-wrap,\n\t\t\t\t\t#rt-tpg-container-4156169452 .carousel9 .rt-holder .overlay .post-info{background-color:#000000;}#rt-tpg-container-4156169452 .layout5 .rt-holder .overlay, #rt-tpg-container-4156169452 .isotope2 .rt-holder .overlay, #rt-tpg-container-4156169452 .carousel2 .rt-holder .overlay,#rt-tpg-container-4156169452 .layout15 .rt-holder h3, #rt-tpg-container-4156169452 .isotope11 .rt-holder h3, #rt-tpg-container-4156169452 .carousel11 .rt-holder h3, #rt-tpg-container-4156169452 .layout16 .rt-holder h3,\n\t\t\t\t\t#rt-tpg-container-4156169452 .isotope12 .rt-holder h3, #rt-tpg-container-4156169452 .carousel12 .rt-holder h3 {background-color:rgba(0,0,0,0.8);}#rt-tpg-container-4156169452 .pagination-list li a,\n\t\t\t\t\trt-tpg-container-4156169452 .pagination-list li span,\n\t\t\t\t\trt-tpg-container-4156169452 .pagination li a,\n\t\t\t\t\t#rt-tpg-container-4156169452 .rt-tpg-isotope-buttons button,\n\t\t\t\t\t#rt-tpg-container-4156169452 .rt-tpg-utility .rt-tpg-load-more button,\n\t\t\t\t\t#rt-tpg-container-4156169452.rt-tpg-container .swiper-navigation .slider-btn,\n\t\t\t\t\t#rt-tpg-container-4156169452.rt-tpg-container .swiper-pagination-bullet,\n\t\t\t\t\t#rt-tpg-container-4156169452 .wc1 .rt-holder .rt-img-holder .overlay .product-more ul li a,\n\t\t\t\t\t#rt-tpg-container-4156169452 .wc2 .rt-detail .rt-wc-add-to-cart,\n\t\t\t\t\t#rt-tpg-container-4156169452 .wc3 .rt-detail .rt-wc-add-to-cart,\n\t\t\t\t\t#rt-tpg-container-4156169452 .wc4 .rt-detail .rt-wc-add-to-cart,\n\t\t\t\t\t#rt-tpg-container-4156169452 .wc-carousel2 .rt-detail .rt-wc-add-to-cart,\n\t\t\t\t\t#rt-tpg-container-4156169452 .wc-isotope2 .rt-detail .rt-wc-add-to-cart,\n\t\t\t\t\t#rt-tpg-container-4156169452 .rt-layout-filter-container .rt-filter-wrap .rt-filter-item-wrap.rt-filter-dropdown-wrap .rt-filter-dropdown,\n\t\t\t\t\t#rt-tpg-container-4156169452 .rt-layout-filter-container .rt-filter-sub-tax.sub-button-group .rt-filter-button-item,\n\t\t\t\t\t#rt-tpg-container-4156169452.rt-tpg-container .rt-pagination-wrap .rt-page-numbers .paginationjs .paginationjs-pages ul li>a,\n\t\t\t\t\t#rt-tpg-container-4156169452 .rt-filter-item-wrap.rt-filter-button-wrap span.rt-filter-button-item,\n\t\t\t\t\t#rt-tpg-container-4156169452.rt-tpg-container .rt-pagination-wrap  .rt-loadmore-btn,\n\t\t\t\t\t#rt-tpg-container-4156169452.rt-tpg-container .rt-pagination-wrap .rt-cb-page-prev-next > *,\n\t\t\t\t\t#rt-tpg-container-4156169452 .rt-read-more,\n\t\t\t\t\t#rt-tooltip-4156169452, #rt-tooltip-4156169452 .rt-tooltip-bottom:after{background-color:#dd2525;}#rt-tpg-container-4156169452 .rt-filter-item-wrap.rt-filter-button-wrap span.rt-filter-button-item,\n\t\t\t\t\t#rt-tpg-container-4156169452 .rt-layout-filter-container .rt-filter-sub-tax.sub-button-group .rt-filter-button-item{border-color:#dd2525;}#rt-tpg-container-4156169452.rt-tpg-container .layout17 .rt-holder .overlay a.tpg-zoom .fa{color:#dd2525;}#rt-tpg-container-4156169452 .rt-holder .read-more a {background-color:#dd2525;padding: 8px 15px;}#rt-tpg-container-4156169452 .pagination li.active span,\n\t\t\t\t\t#rt-tpg-container-4156169452 .pagination-list li.active span,\n\t\t\t\t\t#rt-tpg-container-4156169452 .rt-tpg-isotope-buttons button.selected,\n\t\t\t\t\t#rt-tpg-container-4156169452 .rt-filter-item-wrap.rt-filter-button-wrap span.rt-filter-button-item.selected,\n\t\t\t\t\t#rt-tpg-container-4156169452 .rt-layout-filter-container .rt-filter-sub-tax.sub-button-group .rt-filter-button-item.selected,\n\t\t\t\t\t#rt-tpg-container-4156169452.rt-tpg-container .rt-pagination-wrap .rt-page-numbers .paginationjs .paginationjs-pages ul li.active>a,\n\t\t\t\t\t#rt-tpg-container-4156169452.rt-tpg-container .swiper-pagination-bullet.swiper-pagination-bullet-active-main{background-color:#ffffff;}#rt-tpg-container-4156169452 .rt-filter-item-wrap.rt-filter-button-wrap span.rt-filter-button-item.selected,\n\t\t\t\t\t#rt-tpg-container-4156169452 .rt-layout-filter-container .rt-filter-sub-tax.sub-button-group .rt-filter-button-item.selected,\n\t\t\t\t\t#rt-tpg-container-4156169452.rt-tpg-container .rt-pagination-wrap .rt-page-numbers .paginationjs .paginationjs-pages ul li.active>a{border-color:#ffffff;}#rt-tpg-container-4156169452 .pagination-list li a:hover,\n\t\t\t\t\t#rt-tpg-container-4156169452 .pagination li a:hover,\n\t\t\t\t\t#rt-tpg-container-4156169452 .rt-tpg-isotope-buttons button:hover,\n\t\t\t\t\t#rt-tpg-container-4156169452 .rt-holder .read-more a:hover,\n\t\t\t\t\t#rt-tpg-container-4156169452 .rt-tpg-utility .rt-tpg-load-more button:hover,\n\t\t\t\t\t#rt-tpg-container-4156169452.rt-tpg-container .swiper-pagination-bullet:hover,\n\t\t\t\t\t#rt-tpg-container-4156169452.rt-tpg-container .swiper-navigation .slider-btn:hover,\n\t\t\t\t\t#rt-tpg-container-4156169452 .wc1 .rt-holder .rt-img-holder .overlay .product-more ul li a:hover,\n\t\t\t\t\t#rt-tpg-container-4156169452 .wc2 .rt-detail .rt-wc-add-to-cart:hover,\n\t\t\t\t\t#rt-tpg-container-4156169452 .wc3 .rt-detail .rt-wc-add-to-cart:hover,\n\t\t\t\t\t#rt-tpg-container-4156169452 .wc4 .rt-detail .rt-wc-add-to-cart:hover,\n\t\t\t\t\t#rt-tpg-container-4156169452 .wc-carousel2 .rt-detail .rt-wc-add-to-cart:hover,\n\t\t\t\t\t#rt-tpg-container-4156169452 .wc-isotope2 .rt-detail .rt-wc-add-to-cart:hover,\n\t\t\t\t\t#rt-tpg-container-4156169452 .rt-layout-filter-container .rt-filter-wrap .rt-filter-item-wrap.rt-filter-dropdown-wrap .rt-filter-dropdown .rt-filter-dropdown-item:hover,\n\t\t\t\t\t#rt-tpg-container-4156169452 .rt-layout-filter-container .rt-filter-wrap .rt-filter-item-wrap.rt-filter-dropdown-wrap .rt-filter-dropdown .rt-filter-dropdown-item.selected,\n\t\t\t\t\t#rt-tpg-container-4156169452 .rt-filter-item-wrap.rt-filter-button-wrap span.rt-filter-button-item:hover,\n\t\t\t\t\t#rt-tpg-container-4156169452 .rt-layout-filter-container .rt-filter-sub-tax.sub-button-group .rt-filter-button-item:hover,\n\t\t\t\t\t#rt-tpg-container-4156169452.rt-tpg-container .rt-pagination-wrap .rt-page-numbers .paginationjs .paginationjs-pages ul li>a:hover,\n\t\t\t\t\t#rt-tpg-container-4156169452.rt-tpg-container .rt-pagination-wrap .rt-cb-page-prev-next > *:hover,\n\t\t\t\t\t#rt-tpg-container-4156169452.rt-tpg-container .rt-pagination-wrap  .rt-loadmore-btn:hover,\n\t\t\t\t\t#rt-tpg-container-4156169452 .rt-read-more:hover,\n\t\t\t\t\t#rt-tpg-container-4156169452 .rt-tpg-utility .rt-tpg-load-more button:hover{background-color:#000000;}#rt-tpg-container-4156169452 .rt-filter-item-wrap.rt-filter-button-wrap span.rt-filter-button-item:hover,\n\t\t\t\t\t\t#rt-tpg-container-4156169452 .rt-layout-filter-container .rt-filter-sub-tax.sub-button-group .rt-filter-button-item:hover,\n\t\t\t\t\t\t#rt-tpg-container-4156169452.rt-tpg-container .swiper-navigation .slider-btn:hover,\n\t\t\t\t\t\t#rt-tpg-container-4156169452.rt-tpg-container .rt-pagination-wrap .rt-page-numbers .paginationjs .paginationjs-pages ul li>a:hover{border-color:#000000;}#rt-tpg-container-4156169452.rt-tpg-container .layout17 .rt-holder .overlay a.tpg-zoom:hover .fa{color:#000000;}#rt-tpg-container-4156169452 .pagination-list li a,\n\t\t\t\t\t#rt-tpg-container-4156169452 .pagination li a,\n\t\t\t\t\t#rt-tpg-container-4156169452 .rt-tpg-isotope-buttons button,\n\t\t\t\t\t#rt-tpg-container-4156169452 .rt-holder .read-more a,\n\t\t\t\t\t#rt-tpg-container-4156169452 .rt-tpg-utility .rt-tpg-load-more button,\n\t\t\t\t\t#rt-tpg-container-4156169452.rt-tpg-container .swiper-navigation .slider-btn,\n\t\t\t\t\t#rt-tpg-container-4156169452 .wc1 .rt-holder .rt-img-holder .overlay .product-more ul li a,\n\t\t\t\t\t#rt-tpg-container-4156169452 .edd1 .rt-holder .rt-img-holder .overlay .product-more ul li a,\n\t\t\t\t\t#rt-tpg-container-4156169452 .wc2 .rt-detail .rt-wc-add-to-cart,\n\t\t\t\t\t#rt-tpg-container-4156169452 .wc3 .rt-detail .rt-wc-add-to-cart,\n\t\t\t\t\t#rt-tpg-container-4156169452 .edd2 .rt-detail .rt-wc-add-to-cart,\n\t\t\t\t\t#rt-tpg-container-4156169452 .wc4 .rt-detail .rt-wc-add-to-cart,\n\t\t\t\t\t#rt-tpg-container-4156169452 .edd3 .rt-detail .rt-wc-add-to-cart,\n\t\t\t\t\t#rt-tpg-container-4156169452 .wc-carousel2 .rt-detail .rt-wc-add-to-cart,\n\t\t\t\t\t#rt-tpg-container-4156169452 .wc-isotope2 .rt-detail .rt-wc-add-to-cart,\n\t\t\t\t\t#rt-tpg-container-4156169452 .rt-tpg-utility .rt-tpg-load-more button,\n\t\t\t\t\t#rt-tooltip-4156169452,\n\t\t\t\t\t#rt-tpg-container-4156169452 .rt-filter-item-wrap.rt-filter-button-wrap span.rt-filter-button-item,\n\t\t\t\t\t#rt-tpg-container-4156169452 .rt-layout-filter-container .rt-filter-sub-tax.sub-button-group .rt-filter-button-item,\n\t\t\t\t\t#rt-tpg-container-4156169452 .rt-layout-filter-container .rt-filter-wrap .rt-filter-item-wrap.rt-sort-order-action,\n\t\t\t\t\t#rt-tpg-container-4156169452 .rt-layout-filter-container .rt-filter-wrap .rt-filter-item-wrap.rt-filter-dropdown-wrap .rt-filter-dropdown .rt-filter-dropdown-item,\n\t\t\t\t\t#rt-tpg-container-4156169452.rt-tpg-container .rt-pagination-wrap .rt-page-numbers .paginationjs .paginationjs-pages ul li>a,\n\t\t\t\t\t#rt-tpg-container-4156169452.rt-tpg-container .rt-pagination-wrap .rt-cb-page-prev-next > *,\n\t\t\t\t\t#rt-tpg-container-4156169452.rt-tpg-container .rt-pagination-wrap  .rt-loadmore-btn,\n\t\t\t\t\t#rt-tpg-container-4156169452 .rt-read-more,\n\t\t\t\t\t#rt-tooltip-4156169452 .rt-tooltip-bottom:after{color:#ffffff;}#rt-tpg-container-4156169452 .rt-filter-item-wrap.rt-filter-button-wrap span.rt-filter-button-item:hover,\n\t\t\t\t\t#rt-tpg-container-4156169452 .rt-holder .read-more a:hover,\n\t\t\t\t\t#rt-tpg-container-4156169452.rt-tpg-container .swiper-navigation .slider-btn:hover,\n\t\t\t\t\t#rt-tpg-container-4156169452 .rt-layout-filter-container .rt-filter-sub-tax.sub-button-group .rt-filter-button-item:hover,\n\t\t\t\t\t#rt-tpg-container-4156169452 .rt-layout-filter-container .rt-filter-wrap .rt-filter-item-wrap.rt-filter-dropdown-wrap .rt-filter-dropdown .rt-filter-dropdown-item:hover,\n\t\t\t\t\t#rt-tpg-container-4156169452 .rt-layout-filter-container .rt-filter-wrap .rt-filter-item-wrap.rt-filter-dropdown-wrap .rt-filter-dropdown .rt-filter-dropdown-item.selected,\n\t\t\t\t\t#rt-tpg-container-4156169452 .rt-layout-filter-container .rt-filter-wrap .rt-filter-item-wrap.rt-sort-order-action:hover,\n\t\t\t\t\t#rt-tpg-container-4156169452.rt-tpg-container .rt-pagination-wrap .rt-page-numbers .paginationjs .paginationjs-pages ul li.active>a:hover,\n\t\t\t\t\t#rt-tpg-container-4156169452 .rt-filter-item-wrap.rt-filter-button-wrap span.rt-filter-button-item.selected,\n\t\t\t\t\t#rt-tpg-container-4156169452 .rt-layout-filter-container .rt-filter-wrap .rt-filter-item-wrap.rt-sort-order-action,\n\t\t\t\t\t#rt-tpg-container-4156169452.rt-tpg-container .rt-pagination-wrap  .rt-loadmore-btn:hover,\n\t\t\t\t\t#rt-tpg-container-4156169452 .rt-read-more:hover,\n\t\t\t\t\t#rt-tpg-container-4156169452.rt-tpg-container .rt-pagination-wrap .rt-page-numbers .paginationjs .paginationjs-pages ul li.active>a{color:#ffffff;}#rt-tpg-container-4156169452 .read-more a{border-radius:px;}#rt-tpg-container-4156169452 .rt-img-holder img.rt-img-responsive,#rt-tpg-container-4156169452 .rt-img-holder,\n\t\t\t\t\t#rt-tpg-container-4156169452 .rt-post-overlay .post-img,\n\t\t\t\t\t#rt-tpg-container-4156169452 .post-sm .post-img,\n\t\t\t\t\t#rt-tpg-container-4156169452 .rt-post-grid .post-img,\n\t\t\t\t\t#rt-tpg-container-4156169452 .post-img img {border-radius:px;}#rt-tpg-container-4156169452 .layout1 .rt-holder h2.entry-title,\n\t\t\t\t\t#rt-tpg-container-4156169452 .layout1 .rt-holder h3.entry-title,\n\t\t\t\t\t#rt-tpg-container-4156169452 .layout1 .rt-holder h4.entry-title,\n\t\t\t\t\t#rt-tpg-container-4156169452 .layout1 .rt-holder h2.entry-title a,\n\t\t\t\t\t#rt-tpg-container-4156169452 .layout1 .rt-holder h3.entry-title a,\n\t\t\t\t\t#rt-tpg-container-4156169452 .layout1 .rt-holder h4.entry-title a,\n\t\t\t\t\t#rt-tpg-container-4156169452 .rt-holder .rt-woo-info h2 a,\n\t\t\t\t\t#rt-tpg-container-4156169452 .rt-holder .rt-woo-info h3 a,\n\t\t\t\t\t#rt-tpg-container-4156169452 .rt-holder .rt-woo-info h4 a,\n\t\t\t\t\t#rt-tpg-container-4156169452 .post-content .post-title,\n\t\t\t\t\t#rt-tpg-container-4156169452 .rt-post-grid .post-title,\n\t\t\t\t\t#rt-tpg-container-4156169452 .rt-post-grid .post-title a,\n\t\t\t\t\t#rt-tpg-container-4156169452 .post-content .post-title a,\n\t\t\t\t\t#rt-tpg-container-4156169452 .rt-holder .rt-woo-info h2,\n\t\t\t\t\t#rt-tpg-container-4156169452 .rt-holder .rt-woo-info h3,\n\t\t\t\t\t#rt-tpg-container-4156169452 .rt-holder .rt-woo-info h4{color:#000000;text-align:center;}#rt-tpg-container-4156169452 .layout1 .rt-holder h2.entry-title:hover,\n\t\t\t\t\t#rt-tpg-container-4156169452 .layout1 .rt-holder h3.entry-title:hover,\n\t\t\t\t\t#rt-tpg-container-4156169452 .layout1 .rt-holder h4.entry-title:hover,\n\t\t\t\t\t#rt-tpg-container-4156169452 .layout1 .rt-holder h2.entry-title a:hover,\n\t\t\t\t\t#rt-tpg-container-4156169452 .layout1 .rt-holder h3.entry-title a:hover,\n\t\t\t\t\t#rt-tpg-container-4156169452 .layout1 .rt-holder h4.entry-title a:hover,\n\t\t\t\t\t#rt-tpg-container-4156169452 .post-content .post-title a:hover,\n\t\t\t\t\t#rt-tpg-container-4156169452 .rt-post-grid .post-title a:hover,\n\t\t\t\t\t#rt-tpg-container-4156169452 .rt-holder .rt-woo-info h2 a:hover,\n\t\t\t\t\t#rt-tpg-container-4156169452 .rt-holder .rt-woo-info h3 a:hover,\n\t\t\t\t\t#rt-tpg-container-4156169452 .rt-holder .rt-woo-info h4 a:hover,\n\t\t\t\t\t#rt-tpg-container-4156169452 .rt-holder .rt-woo-info h2:hover,\n\t\t\t\t\t#rt-tpg-container-4156169452 .rt-holder .rt-woo-info h3:hover,\n\t\t\t\t\t#rt-tpg-container-4156169452 .rt-holder .rt-woo-info h4:hover{color:#dd2525 !important;}#rt-tpg-container-4156169452 .layout1 .rt-holder .tpg-excerpt,#rt-tpg-container-4156169452 .layout1 .tpg-excerpt,#rt-tpg-container-4156169452 .layout1 .rt-holder .post-content,#rt-tpg-container-4156169452 .rt-holder .rt-woo-info p,#rt-tpg-container-4156169452 .post-content p {color:#000000;text-align:justify;}#rt-tpg-container-4156169452 .layout1 .rt-holder .post-meta-user,\n\t\t\t\t\t#rt-tpg-container-4156169452 .layout1 .rt-meta,\n\t\t\t\t\t#rt-tpg-container-4156169452 .layout1 .rt-meta a,\n\t\t\t\t\t#rt-tpg-container-4156169452 .layout1 .rt-holder .post-meta-user .meta-data,\n\t\t\t\t\t#rt-tpg-container-4156169452 .layout1 .rt-holder .post-meta-user a,\n\t\t\t\t\t#rt-tpg-container-4156169452 .layout1 .rt-holder .rt-detail .post-meta .rt-tpg-social-share,\n\t\t\t\t\t#rt-tpg-container-4156169452 .rt-post-overlay .post-meta-user span,\n\t\t\t\t\t#rt-tpg-container-4156169452 .rt-post-overlay .post-meta-user,\n\t\t\t\t\t#rt-tpg-container-4156169452 .rt-post-overlay .post-meta-user a,\n\t\t\t\t\t#rt-tpg-container-4156169452 .rt-post-grid .post-meta-user,\n\t\t\t\t\t#rt-tpg-container-4156169452 .rt-post-grid .post-meta-user a,\n\t\t\t\t\t#rt-tpg-container-4156169452 .rt-post-box-media-style .post-meta-user,\n\t\t\t\t\t#rt-tpg-container-4156169452 .rt-post-box-media-style .post-meta-user a,\n\t\t\t\t\t#rt-tpg-container-4156169452 .layout1 .post-meta-user i,\n\t\t\t\t\t#rt-tpg-container-4156169452 .rt-detail .post-meta-category a,\n\t\t\t\t\t#rt-tpg-container-4156169452 .layout1 .post-meta-user a\n\t\t\t\t\t#rt-tpg-container-4156169452 .layout1 .post-meta-user a {color:#7a7a7a;}<\/style><div class='rt-container-fluid rt-tpg-container tpg-shortcode-main-wrapper ' id='rt-tpg-container-4156169452'   data-layout='layout1' data-grid-style='even' data-desktop-col='2'  data-tab-col='1'  data-mobile-col='1' data-sc-id='159'><div data-title='Loading ...' class='rt-row rt-content-loader   layout1 tpg-even '><div class=\"rt-col-md-6 rt-col-sm-12 rt-col-xs-12 even-grid-item rt-grid-item\" data-id=\"1119\"><div class=\"rt-holder\"><div class=\"rt-img-holder\"><a data-id=\"1119\" class=\"\" href=\"https:\/\/diputadoslocalesprigto.com\/?p=1119\"><img decoding=\"async\" width=\"500\" height=\"330\" src=\"https:\/\/i0.wp.com\/diputadoslocalesprigto.com\/wp-content\/uploads\/2023\/10\/AAA31.jpeg?resize=500%2C330&amp;ssl=1\" class=\"rt-img-responsive \" alt=\"\" \/><\/a><\/div><div class='rt-detail'><h4 class=\"entry-title\"><a data-id=\"1119\" class=\"\" href=\"https:\/\/diputadoslocalesprigto.com\/?p=1119\">HOY M\u00c1S QUE NUNCA LOS PRIISTAS DEBEMOS ESTAR UNIDOS: DIPUTADO ALEJANDRO ARIAS<\/a><\/h4><div class='post-meta-user  '><span class='date'><i class='far fa-calendar-alt '><\/i>2 octubre, 2023<\/span><span class='categories-links'><i class='fas fa-folder-open '><\/i><a class=\"otros\" href=\"https:\/\/diputadoslocalesprigto.com\/?cat=1\" rel=\"tag\">Otros<\/a><span class=\"rt-separator\">,<\/span><a class=\"prensa\" href=\"https:\/\/diputadoslocalesprigto.com\/?cat=4\" rel=\"tag\">Prensa<\/a><\/span><\/div><div class='tpg-excerpt'>\u00c9stos no son tiempos de flaquear, sino de definiciones, dijo el coordinador del GPPRI. fue orador en la sesi\u00f3n de Instalaci\u00f3n y Toma de Protesta del Consejo Pol\u00edtico Estatal 2023-2026 del PRI. GUANAJUATO.-\u00a0 Ante cientos de priistas de todo el estado, el diputado Alejandro Arias habl\u00f3 del trabajo legislativo del Grupo Parlamentario del PRI en el Congreso, pero tambi\u00e9n del riesgo que corren hoy en d\u00eda la democracia y la estabilidad en nuestro pa\u00eds, por lo que, \u201choy m\u00e1s que nunca, los priistas debemos dar&#8230;<\/div><div class='post-meta center'><span class='read-more'><a data-id='1119' class='' href='https:\/\/diputadoslocalesprigto.com\/?p=1119'>Continuar Leyendo<\/a><\/span><\/div><\/div><\/div><\/div><\/div><\/div><br><\/p>\t\t\t\t\t\t\t\t<\/div>\n\t\t\t\t<\/div>\n\t\t\t\t\t<\/div>\n\t\t<\/div>\n\t\t\t\t<div class=\"elementor-column elementor-col-33 elementor-top-column elementor-element elementor-element-730b746\" data-id=\"730b746\" data-element_type=\"column\">\n\t\t\t<div class=\"elementor-widget-wrap elementor-element-populated\">\n\t\t\t\t\t\t<div class=\"elementor-element elementor-element-e12ec9e elementor-hidden-tablet elementor-hidden-mobile elementor-widget elementor-widget-sidebar\" data-id=\"e12ec9e\" data-element_type=\"widget\" data-widget_type=\"sidebar.default\">\n\t\t\t\t<div class=\"elementor-widget-container\">\n\t\t\t\t\t<div id=\"block-25\" class=\"ashe-widget widget_block widget_media_image\">\n<figure class=\"wp-block-image size-full\"><a href=\"https:\/\/primerinforme.diputadoslocalesprigto.com\/\"><img data-recalc-dims=\"1\" fetchpriority=\"high\" decoding=\"async\" fetchpriority=\"high\" width=\"797\" height=\"369\" src=\"https:\/\/i0.wp.com\/diputadoslocalesprigto.com\/wp-content\/uploads\/2025\/11\/LOGO-1ER-INFORME.jpg?resize=797%2C369&#038;ssl=1\" alt=\"\" class=\"wp-image-1586\" srcset=\"https:\/\/i0.wp.com\/diputadoslocalesprigto.com\/wp-content\/uploads\/2025\/11\/LOGO-1ER-INFORME.jpg?w=797&amp;ssl=1 797w, https:\/\/i0.wp.com\/diputadoslocalesprigto.com\/wp-content\/uploads\/2025\/11\/LOGO-1ER-INFORME.jpg?resize=300%2C139&amp;ssl=1 300w, https:\/\/i0.wp.com\/diputadoslocalesprigto.com\/wp-content\/uploads\/2025\/11\/LOGO-1ER-INFORME.jpg?resize=768%2C356&amp;ssl=1 768w\" sizes=\"(max-width: 797px) 100vw, 797px\" \/><\/a><\/figure>\n<\/div><div id=\"block-6\" class=\"ashe-widget widget_block\">\n<div class=\"wp-block-group\"><div class=\"wp-block-group__inner-container is-layout-flow wp-block-group-is-layout-flow\">\n<div class=\"wp-block-columns is-layout-flex wp-container-core-columns-is-layout-1 wp-block-columns-is-layout-flex\">\n<div class=\"wp-block-column is-layout-flow wp-block-column-is-layout-flow\" style=\"flex-basis:100%\"><p><a href=\"https:\/\/twitter.com\/DiputadosPRI65?ref_src=twsrc%5Etfw\" class=\"twitter-follow-button\" data-show-count=\"false\">Follow @DiputadosPRI65<\/a><script async src=\"https:\/\/platform.twitter.com\/widgets.js\" charset=\"utf-8\"><\/script><\/p>\n<\/div>\n<\/div>\n<\/div><\/div>\n<\/div><div id=\"block-5\" class=\"ashe-widget widget_block\">\n<div class=\"wp-block-group\"><div class=\"wp-block-group__inner-container is-layout-flow wp-block-group-is-layout-flow\">\n<h3 class=\"wp-block-heading\">Publicaciones<\/h3>\n\n\n<ul class=\"wp-block-archives-list wp-block-archives\">\t<li><a href='https:\/\/diputadoslocalesprigto.com\/?m=202603'>marzo 2026<\/a><\/li>\n\t<li><a href='https:\/\/diputadoslocalesprigto.com\/?m=202602'>febrero 2026<\/a><\/li>\n\t<li><a href='https:\/\/diputadoslocalesprigto.com\/?m=202512'>diciembre 2025<\/a><\/li>\n\t<li><a href='https:\/\/diputadoslocalesprigto.com\/?m=202511'>noviembre 2025<\/a><\/li>\n\t<li><a href='https:\/\/diputadoslocalesprigto.com\/?m=202510'>octubre 2025<\/a><\/li>\n\t<li><a href='https:\/\/diputadoslocalesprigto.com\/?m=202508'>agosto 2025<\/a><\/li>\n\t<li><a href='https:\/\/diputadoslocalesprigto.com\/?m=202504'>abril 2025<\/a><\/li>\n\t<li><a href='https:\/\/diputadoslocalesprigto.com\/?m=202503'>marzo 2025<\/a><\/li>\n\t<li><a href='https:\/\/diputadoslocalesprigto.com\/?m=202502'>febrero 2025<\/a><\/li>\n\t<li><a href='https:\/\/diputadoslocalesprigto.com\/?m=202501'>enero 2025<\/a><\/li>\n\t<li><a href='https:\/\/diputadoslocalesprigto.com\/?m=202412'>diciembre 2024<\/a><\/li>\n\t<li><a href='https:\/\/diputadoslocalesprigto.com\/?m=202411'>noviembre 2024<\/a><\/li>\n\t<li><a href='https:\/\/diputadoslocalesprigto.com\/?m=202410'>octubre 2024<\/a><\/li>\n\t<li><a href='https:\/\/diputadoslocalesprigto.com\/?m=202409'>septiembre 2024<\/a><\/li>\n\t<li><a href='https:\/\/diputadoslocalesprigto.com\/?m=202408'>agosto 2024<\/a><\/li>\n\t<li><a href='https:\/\/diputadoslocalesprigto.com\/?m=202312'>diciembre 2023<\/a><\/li>\n\t<li><a href='https:\/\/diputadoslocalesprigto.com\/?m=202311'>noviembre 2023<\/a><\/li>\n\t<li><a href='https:\/\/diputadoslocalesprigto.com\/?m=202310'>octubre 2023<\/a><\/li>\n\t<li><a href='https:\/\/diputadoslocalesprigto.com\/?m=202309'>septiembre 2023<\/a><\/li>\n\t<li><a href='https:\/\/diputadoslocalesprigto.com\/?m=202303'>marzo 2023<\/a><\/li>\n\t<li><a href='https:\/\/diputadoslocalesprigto.com\/?m=202302'>febrero 2023<\/a><\/li>\n\t<li><a href='https:\/\/diputadoslocalesprigto.com\/?m=202212'>diciembre 2022<\/a><\/li>\n\t<li><a href='https:\/\/diputadoslocalesprigto.com\/?m=202211'>noviembre 2022<\/a><\/li>\n\t<li><a href='https:\/\/diputadoslocalesprigto.com\/?m=202210'>octubre 2022<\/a><\/li>\n\t<li><a href='https:\/\/diputadoslocalesprigto.com\/?m=202209'>septiembre 2022<\/a><\/li>\n\t<li><a href='https:\/\/diputadoslocalesprigto.com\/?m=202207'>julio 2022<\/a><\/li>\n\t<li><a href='https:\/\/diputadoslocalesprigto.com\/?m=202206'>junio 2022<\/a><\/li>\n\t<li><a href='https:\/\/diputadoslocalesprigto.com\/?m=202205'>mayo 2022<\/a><\/li>\n\t<li><a href='https:\/\/diputadoslocalesprigto.com\/?m=202204'>abril 2022<\/a><\/li>\n\t<li><a href='https:\/\/diputadoslocalesprigto.com\/?m=202203'>marzo 2022<\/a><\/li>\n\t<li><a href='https:\/\/diputadoslocalesprigto.com\/?m=202202'>febrero 2022<\/a><\/li>\n\t<li><a href='https:\/\/diputadoslocalesprigto.com\/?m=202201'>enero 2022<\/a><\/li>\n\t<li><a href='https:\/\/diputadoslocalesprigto.com\/?m=202112'>diciembre 2021<\/a><\/li>\n\t<li><a href='https:\/\/diputadoslocalesprigto.com\/?m=202111'>noviembre 2021<\/a><\/li>\n\t<li><a href='https:\/\/diputadoslocalesprigto.com\/?m=202110'>octubre 2021<\/a><\/li>\n\t<li><a href='https:\/\/diputadoslocalesprigto.com\/?m=202109'>septiembre 2021<\/a><\/li>\n<\/ul><\/div><\/div>\n<\/div><div id=\"block-17\" class=\"ashe-widget widget_block\">VISITAS\n<div id=\"strcpv-website-counter\">N\/A<\/div>\n<style>\n#strcpv-website-counter {\ntext-align: left;\n}\n#strcpv-website-counter p {\ndisplay: inline-block !important;\npadding-top: 0 !important;\npadding-bottom: 0 !important;\npadding-left: 5px !important;\npadding-right: 1px !important;\nletter-spacing: 5px !important;\nbackground-color: black !important;\ncolor: white !important;\nborder-radius: 4px !important;\nfont-weight: bold !important;\nfont-size: 12px !important;\n}\n<\/style><\/div>\t\t\t\t<\/div>\n\t\t\t\t<\/div>\n\t\t\t\t\t<\/div>\n\t\t<\/div>\n\t\t\t\t\t<\/div>\n\t\t<\/section>\n\t\t\t\t<\/div>\n\t\t","protected":false},"excerpt":{"rendered":"","protected":false},"author":1,"featured_media":0,"parent":0,"menu_order":0,"comment_status":"closed","ping_status":"closed","template":"","meta":{"_monsterinsights_skip_tracking":false,"_monsterinsights_sitenote_active":false,"_monsterinsights_sitenote_note":"","_monsterinsights_sitenote_category":0,"footnotes":""},"class_list":["post-113","page","type-page","status-publish","hentry"],"jetpack_sharing_enabled":true,"acf":[],"rttpg_featured_image_url":null,"rttpg_author":{"display_name":"AdmminDip","author_link":"https:\/\/diputadoslocalesprigto.com\/?author=1"},"rttpg_comment":0,"rttpg_category":"","rttpg_excerpt":null,"_links":{"self":[{"href":"https:\/\/diputadoslocalesprigto.com\/index.php?rest_route=\/wp\/v2\/pages\/113","targetHints":{"allow":["GET"]}}],"collection":[{"href":"https:\/\/diputadoslocalesprigto.com\/index.php?rest_route=\/wp\/v2\/pages"}],"about":[{"href":"https:\/\/diputadoslocalesprigto.com\/index.php?rest_route=\/wp\/v2\/types\/page"}],"author":[{"embeddable":true,"href":"https:\/\/diputadoslocalesprigto.com\/index.php?rest_route=\/wp\/v2\/users\/1"}],"replies":[{"embeddable":true,"href":"https:\/\/diputadoslocalesprigto.com\/index.php?rest_route=%2Fwp%2Fv2%2Fcomments&post=113"}],"version-history":[{"count":10,"href":"https:\/\/diputadoslocalesprigto.com\/index.php?rest_route=\/wp\/v2\/pages\/113\/revisions"}],"predecessor-version":[{"id":674,"href":"https:\/\/diputadoslocalesprigto.com\/index.php?rest_route=\/wp\/v2\/pages\/113\/revisions\/674"}],"wp:attachment":[{"href":"https:\/\/diputadoslocalesprigto.com\/index.php?rest_route=%2Fwp%2Fv2%2Fmedia&parent=113"}],"curies":[{"name":"wp","href":"https:\/\/api.w.org\/{rel}","templated":true}]}}