{"id":290,"date":"2021-11-22T20:48:39","date_gmt":"2021-11-22T20:48:39","guid":{"rendered":"https:\/\/diputadoslocalesprigto.com\/?page_id=290"},"modified":"2025-02-28T01:28:43","modified_gmt":"2025-02-28T01:28:43","slug":"alejandro-arias-avila","status":"publish","type":"page","link":"https:\/\/diputadoslocalesprigto.com\/?page_id=290","title":{"rendered":"Alejandro Arias \u00c1vila"},"content":{"rendered":"<figure><img data-recalc-dims=\"1\" fetchpriority=\"high\" decoding=\"async\" class=\"size-full wp-image-1321 aligncenter\" src=\"https:\/\/i0.wp.com\/diputadoslocalesprigto.com\/wp-content\/uploads\/2025\/01\/CURRICULUM-3-scaled-e1737516263836.jpeg?resize=610%2C763&#038;ssl=1\" alt=\"\" width=\"610\" height=\"763\" \/><\/figure>\n<p style=\"text-align: center;\">alejandro.arias@congresogto.gob.mx<\/p>\n<p style=\"text-align: center;\" data-uw-styling-context=\"true\">Diputado local<\/p>\n<hr \/>\n<h5 data-uw-styling-context=\"true\">UBICACI\u00d3N DE OFICINA EN EL CONGRESO<\/h5>\n<p data-uw-styling-context=\"true\">Segundo Nivel. Tel\u00e9fono: (473)102-0000<\/p>\n<hr \/>\n<h5 data-uw-styling-context=\"true\">ESTUDIOS<\/h5>\n<p data-uw-styling-context=\"true\">\u2022 Profesor Normalista, Escuela Normal Primaria de Le\u00f3n.<\/p>\n<h5 data-uw-styling-context=\"true\">TRAYECTORIA<\/h5>\n<p>\u2022 Secretario General del Movimiento Territorial del PRI en Guanajuato.\u2022 Delegado especial del Comit\u00e9 Ejecutivo Nacional del PRI para el municipio del\u00a0 Ensenada, Baja California.\u2022 Secretario General del Comit\u00e9 Directivo Estatal del PRI en Guanajuato.\u2022 Regidor electo para el ayuntamiento de Le\u00f3n.\u2022 Jefe de la Representaci\u00f3n del Fifonafe Guanajuato, Hidalgo y Quer\u00e9taro.<br \/>\nComisiones<\/p>\n<table id=\"DataTables_Table_2\" style=\"width: 49.3952%; height: 144px;\" role=\"grid\" aria-describedby=\"DataTables_Table_2_info\">\n<thead>\n<tr style=\"height: 24px;\" role=\"row\">\n<th style=\"height: 24px;\" data-uw-styling-context=\"true\">Nombre<\/th>\n<th style=\"height: 24px;\" data-uw-styling-context=\"true\">Nombramiento<\/th>\n<\/tr>\n<\/thead>\n<tbody>\n<tr style=\"height: 24px;\" role=\"row\">\n<td style=\"height: 24px;\">Pleno<\/td>\n<td style=\"height: 24px;\" data-uw-styling-context=\"true\">Diputado<\/td>\n<\/tr>\n<tr style=\"height: 24px;\" role=\"row\">\n<td style=\"height: 24px;\">Comisi\u00f3n de Seguridad P\u00fablica y Comunicaciones<\/td>\n<td style=\"height: 24px;\" data-uw-styling-context=\"true\">Secretario<\/td>\n<\/tr>\n<tr style=\"height: 24px;\" role=\"row\">\n<td style=\"height: 24px;\">Comisi\u00f3n de Responsabilidades<\/td>\n<td style=\"height: 24px;\" data-uw-styling-context=\"true\">Vocal<\/td>\n<\/tr>\n<tr style=\"height: 24px;\" role=\"row\">\n<td style=\"height: 24px;\">Comisi\u00f3n de Administraci\u00f3n<\/td>\n<td style=\"height: 24px;\" data-uw-styling-context=\"true\">Vocal<\/td>\n<\/tr>\n<tr style=\"height: 24px;\">\n<td style=\"height: 24px;\">Comisiones Unidas de Seguridad P\u00fablica y Comunicaciones y Para la Igualdad de G\u00e9nero<\/td>\n<td style=\"height: 24px;\">Vocal<\/td>\n<\/tr>\n<\/tbody>\n<\/table>\n","protected":false},"excerpt":{"rendered":"<p>alejandro.arias@congresogto.gob.mx Diputado local UBICACI\u00d3N DE OFICINA EN EL CONGRESO Segundo Nivel. Tel\u00e9fono: (473)102-0000 ESTUDIOS \u2022 Profesor Normalista, Escuela Normal Primaria de Le\u00f3n. TRAYECTORIA \u2022 Secretario General del Movimiento Territorial del PRI en Guanajuato.\u2022 Delegado especial del Comit\u00e9 Ejecutivo Nacional del PRI para el municipio del\u00a0 Ensenada, Baja California.\u2022 Secretario General del Comit\u00e9 Directivo Estatal del PRI en Guanajuato.\u2022 Regidor electo para el ayuntamiento de Le\u00f3n.\u2022 Jefe de la Representaci\u00f3n del Fifonafe Guanajuato, Hidalgo y Quer\u00e9taro. Comisiones Nombre Nombramiento Pleno Diputado Comisi\u00f3n de Seguridad P\u00fablica y Comunicaciones Secretario Comisi\u00f3n de Responsabilidades Vocal Comisi\u00f3n de Administraci\u00f3n Vocal Comisiones Unidas de Seguridad P\u00fablica y Comunicaciones y Para la Igualdad de G\u00e9nero Vocal<\/p>\n","protected":false},"author":1,"featured_media":0,"parent":26,"menu_order":0,"comment_status":"closed","ping_status":"closed","template":"","meta":{"_monsterinsights_skip_tracking":false,"_monsterinsights_sitenote_active":false,"_monsterinsights_sitenote_note":"","_monsterinsights_sitenote_category":0,"footnotes":""},"class_list":["post-290","page","type-page","status-publish","hentry"],"jetpack_sharing_enabled":true,"acf":[],"rttpg_featured_image_url":null,"rttpg_author":{"display_name":"AdmminDip","author_link":"https:\/\/diputadoslocalesprigto.com\/?author=1"},"rttpg_comment":0,"rttpg_category":null,"rttpg_excerpt":"alejandro.arias@congresogto.gob.mx Diputado local UBICACI\u00d3N DE OFICINA EN EL CONGRESO Segundo Nivel. Tel\u00e9fono: (473)102-0000 ESTUDIOS \u2022 Profesor Normalista, Escuela Normal Primaria de Le\u00f3n. TRAYECTORIA \u2022 Secretario General del Movimiento Territorial del PRI en Guanajuato.\u2022 Delegado especial del Comit\u00e9 Ejecutivo Nacional del PRI para el municipio del\u00a0 Ensenada, Baja California.\u2022 Secretario General del Comit\u00e9 Directivo Estatal del&hellip;","_links":{"self":[{"href":"https:\/\/diputadoslocalesprigto.com\/index.php?rest_route=\/wp\/v2\/pages\/290","targetHints":{"allow":["GET"]}}],"collection":[{"href":"https:\/\/diputadoslocalesprigto.com\/index.php?rest_route=\/wp\/v2\/pages"}],"about":[{"href":"https:\/\/diputadoslocalesprigto.com\/index.php?rest_route=\/wp\/v2\/types\/page"}],"author":[{"embeddable":true,"href":"https:\/\/diputadoslocalesprigto.com\/index.php?rest_route=\/wp\/v2\/users\/1"}],"replies":[{"embeddable":true,"href":"https:\/\/diputadoslocalesprigto.com\/index.php?rest_route=%2Fwp%2Fv2%2Fcomments&post=290"}],"version-history":[{"count":9,"href":"https:\/\/diputadoslocalesprigto.com\/index.php?rest_route=\/wp\/v2\/pages\/290\/revisions"}],"predecessor-version":[{"id":1499,"href":"https:\/\/diputadoslocalesprigto.com\/index.php?rest_route=\/wp\/v2\/pages\/290\/revisions\/1499"}],"up":[{"embeddable":true,"href":"https:\/\/diputadoslocalesprigto.com\/index.php?rest_route=\/wp\/v2\/pages\/26"}],"wp:attachment":[{"href":"https:\/\/diputadoslocalesprigto.com\/index.php?rest_route=%2Fwp%2Fv2%2Fmedia&parent=290"}],"curies":[{"name":"wp","href":"https:\/\/api.w.org\/{rel}","templated":true}]}}